
0
Suppose -5*w - 654 = -2*u, -4*w + 299 = u - 15. Let k = u - 127. What is the tens digit of k?
9
Let l be 4/(-8) + (-15)/(-6). Suppose -f - l*f = -3*i - 75, 0 = f - 2*i - 29. What is the tens digit of f?
2
Let d(i) = 2*i + 7. Let a be d(0). Let s(v) = v**2 - 2*v + a*v - v. What is the tens digit of s(-6)?
1
Suppose u - 1282 = 5*k, -5*u + 22*k - 20*k = -6387. What is the units digit of u?
7
Suppose 1537 = 3*i + 529. What is the hundreds digit of i?
3
Let a(j) = j**3 + 7*j**2 + 3. Let t be a(-7). Suppose -t*z - c = -z, 5*c + 30 = 5*z. Suppose -2*l = -z*o + 12, 4*o + 4*l - 39 = o. What is the units digit of o?
9
Let z be 0 + 0 - (-541 + -4). Suppose 2*g + g - 407 = -r, 4*g - r = z. What is the tens digit of g?
3
Let f = 6 + -3. Let x(i) = i**3 + 3*i**2 - 3*i - 3. Let y be x(-3). What is the units digit of f + y/3 + 1?
6
Let m(j) = j + 20. Let o be m(-13). Suppose q = -0*q + o. Let i = q - -9. What is the units digit of i?
6
Suppose -3*k - 237 = -0*k - 3*g, -2*g = 10. Let s = 157 + k. What is the tens digit of s?
7
Let u(x) = -491*x**2 - 2*x + 1. Let t be u(1). Let m be (-3)/5 + t/30. Let c = m + 45. What is the tens digit of c?
2
Let u be -37*(6/1)/(-2). Suppose -7*w + u - 13 = 0. Suppose w*f - 108 = 10*f. What is the units digit of f?
7
Suppose -a = 3*q + 2*a - 2004, -q - 2*a = -664. What is the hundreds digit of q?
6
Let f(i) = -i**3 + 8*i**2 + 3*i - 14. Let k be f(8). Let c = k + -13. What is the tens digit of (35 - c)/2 + 3?
2
Let n = -49 + 259. Suppose 3*h - n = -0*h. Suppose -o - 174 = -5*s, 5*s - 248 = 2*o - h. What is the tens digit of s?
3
Let q(d) = 2*d**3 - d + 2. Let b = 3 - -19. Let r be (-6)/(-33) - (-40)/b. What is the units digit of q(r)?
6
Suppose 3*y - 3393 = -3*l, 178*l + 2274 = 2*y + 177*l. What is the units digit of y?
5
Let n = 541 + 477. What is the units digit of n?
8
Suppose 784 = -11*f + 2874. Let s = f + -12. What is the units digit of s?
8
Suppose 2209 = 5*w - 576. What is the hundreds digit of w?
5
Let x(f) = -f + 11. Let p be x(6). Suppose 0*q + q - 20 = 5*z, 4*q + p*z = -20. Suppose -2*t + 84 - 16 = q. What is the units digit of t?
4
Let a = -118 - -117. What is the hundreds digit of (a - 553)/(4*2/(-4))?
2
Suppose -3*v + 0*v + 6 = 3*s, -4*v - 24 = -4*s. What is the tens digit of 8/v*(-87)/6?
5
Suppose -f + 13 + 1 = 5*p, 3*p - 2 = f. Suppose 0 = -p*x - 4*k + 61 - 9, 2*k = 2*x - 34. Let y = 53 - x. What is the units digit of y?
3
Let x(q) = q + 22. Let a be x(-15). Let j be 4/a*77/11. What is the tens digit of j/((-8)/(-22)) - 0?
1
Let u(v) = v**3 + 10*v**2 - 2*v - 11. Let f(m) = -3*m**3 - 30*m**2 + 5*m + 33. Let n(s) = 2*f(s) + 7*u(s). What is the tens digit of n(-6)?
5
Let q(i) = 6*i**2 + 2*i - 159. Let m(j) = -5*j**2 - j + 158. Let n(v) = 4*m(v) + 3*q(v). What is the units digit of n(0)?
5
Suppose -7*d = -6*d + 4*f - 1897, 2*f + 5761 = 3*d. What is the units digit of d?
7
Suppose -o + 35 = 124. Let g = o - -125. Suppose g = 3*u - u. What is the tens digit of u?
1
Let c be (0 - (-3 + 1)) + 1. Suppose 6*x + 20 = v + 2*x, -c*x = v - 13. What is the units digit of v?
6
Suppose -3*g = 5*t - 64, -g - 21 - 9 = -2*t. Suppose -114 = -t*d + 12*d. What is the tens digit of d?
5
Let p be ((-32)/12)/(-4) + (-5)/3. What is the tens digit of p/((-1)/11)*5?
5
Let m = 606 - 460. What is the tens digit of m?
4
What is the tens digit of 11*75 - (4 + 4 - 3)?
2
Let x be 35/20*8/((-2)/(-1)). Let d(r) = r**2 - 6*r + 4. Let u be d(6). Suppose -u*k + k + 21 = 4*j, k - 2*j = x. What is the units digit of k?
7
What is the units digit of 39/(-78) + (-2 - 10461/(-2))?
8
What is the hundreds digit of (139*(-7)/(-28))/(2/40)?
6
Let j(x) = -x**3 + 19*x**2 - 18*x - 4. Let h be j(17). Suppose -g = g - h. What is the tens digit of g?
3
Let b(m) = -m**3 - 12*m**2 - 6*m - 20. Let j = -59 - -47. What is the units digit of b(j)?
2
Let p(f) = -f**2 - 79*f - 232. What is the hundreds digit of p(-48)?
2
Let z = -1035 + 1825. What is the tens digit of z?
9
Let q(p) = 4*p. Let i be q(7). Suppose 3*k + i = -k. Let j = k + 18. What is the tens digit of j?
1
Let n be (-5)/((-1)/3 + (-5)/30). Let f = 38 + -12. Let l = f - n. What is the tens digit of l?
1
Let b(s) = s**3 - 5*s**2 - 6*s + 6. Let d be b(6). Let z(q) be the first derivative of -q**4/4 + 7*q**3/3 - 3*q**2/2 + 2. What is the units digit of z(d)?
8
What is the tens digit of -146*(-6 + 3/(6/4))?
8
Suppose 28 = 2*n - 44. Let h be 1 - n/4 - -4. What is the units digit of h - -1 - -52 - 1?
8
Let x = 2212 - 1220. What is the hundreds digit of x?
9
Let t(k) = 440*k**2 - 4*k - 6. What is the thousands digit of t(-2)?
1
Let n(a) = -a**3 - 8*a**2 + 9*a + 2. Let k be n(-10). Suppose -4*h + 48 = -k. What is the units digit of h?
0
Let d(q) = q**3 + 4*q**2 - 3*q - 8. Let v be d(-4). What is the units digit of 5*((0 - -4) + v)?
0
Suppose -11 = -4*d + 1, f = -3*d + 172. What is the tens digit of f?
6
Let b(i) be the first derivative of -i**2 + 22*i + 6. Let d be b(9). Suppose -4*v + 15 = h, 21 = 2*v + d*h + h. What is the units digit of v?
3
Let b(i) be the first derivative of i**3/3 - 3*i**2/2 + 6*i - 7. Let o be b(6). Suppose 4*m - o - 28 = 0. What is the units digit of m?
3
Suppose -250*z = -215*z - 78365. What is the thousands digit of z?
2
Suppose -w = 2*w - 3. What is the units digit of (-41)/(-123) + (w - (-412)/6)?
0
Let g be 4/(-14) + (-6 - 51/(-7)). Suppose -5*t - 4 = 5*x + 1, -x - 1 = -3*t. Suppose -2*p + g + 17 = t. What is the units digit of p?
9
Let n = 8 + -2. Suppose -2*j + n = -3*j. What is the units digit of 36*(16/j - -4)?
8
Let l(g) = -30*g**2 - g - 1. Let h be l(3). Let q = 464 + h. What is the tens digit of q?
9
Suppose -913 = -10*f + 1227. Let b = f + -127. What is the units digit of b?
7
Let b(i) be the third derivative of -i**2 + 11/3*i**3 + 1/24*i**4 + 1/60*i**5 + 0 + 0*i. What is the units digit of b(0)?
2
Suppose 3*i = -b + 545, -740 = 3*b + 2*i - 2361. What is the hundreds digit of b?
5
Let q(p) = 50*p**2 - 2*p + 5. What is the units digit of q(-6)?
7
Let k = -2 - -4. Suppose -k*t = 1 + 3. What is the units digit of 15/(t - 15/(-6))?
0
What is the tens digit of (669/(-4))/(5 + (-42)/8)?
6
What is the tens digit of (2 - -1454)*1/2?
2
Let i = 47 + -36. Suppose 0 = 6*q - i*q + 290. What is the units digit of q?
8
Suppose -2*c + s + 6 = 21, 4*c + 21 = 5*s. Let l be (-1632)/c - 10/(-15). Let q = l + -125. What is the tens digit of q?
5
Let d(r) be the third derivative of -10*r**4/3 - r**3/6 - 9*r**2. What is the hundreds digit of d(-2)?
1
Suppose -4*k - 98 = 46. Let l = k - -38. Suppose 0 = l*s + s - 126. What is the tens digit of s?
4
Suppose p - 2 = n - 4, -4*n + 17 = 5*p. Suppose p = -3*m + 2*r + 3*r, 4*r = -5*m + 60. What is the units digit of m?
8
Let u(h) = -h - 10. Let d be u(0). Let k = d - -17. Suppose 5*g + 78 = k*g. What is the units digit of g?
9
Let n = 35 - 35. Suppose n*z + 38 = 4*z - 2*o, -3*z = -4*o - 31. What is the units digit of z?
9
Suppose -5*m = -2*m + 15. What is the tens digit of (-92)/m + 4/(-10)?
1
Suppose 2*y + 5 = 211. Let t = -85 + y. What is the tens digit of t?
1
Let m(l) = l**3 - 36*l**2 + 69*l + 4. What is the hundreds digit of m(36)?
4
Let t = -2 - -8. Let d be t/2 - 60/5. Let m = -3 - d. What is the units digit of m?
6
Suppose 4 = q - 2*n, q + 4*n = 2*n. Let f be 17/3 + q/(-3). Let m = 17 + f. What is the tens digit of m?
2
Let l = 111 - 36. Let f be (-2)/(-8) + (-370)/8. Let p = l + f. What is the tens digit of p?
2
Let v(b) = 4*b + 7*b**2 - 2 + 0*b**2 + 2*b**2 + 4. What is the units digit of v(-1)?
7
Let n(z) = -z**3 - 10*z**2 + z - 5. Let c be n(-11). Suppose -y + c + 6 = 0. What is the tens digit of y?
1
Let a = 6146 - 4321. What is the tens digit of a?
2
Let s be 4470/(-24) + 2/8. Let n be (s/(-9))/(8/12). Let i = n + -17. What is the tens digit of i?
1
Suppose 0 = -18*x + 4427 + 3511. What is the tens digit of x?
4
Let p = 477 + -156. Let a = p + -224. What is the tens digit of a?
9
Let d(m) = 2*m + 1. Let i be d(7). Let u be (-3 - 0)/(3/8). Let h = u + i. What is the units digit of h?
7
What is the units digit of 918 - (27 - 11) - 4/(-2)?
4
Let z(a) = 10*a - 30. Let y be (-2)/11 - (-402)/33. Let w be z(y). Suppose -w = -h - h. What is the units digit of h?
5
Suppose -5*s - 20 = 0, 3*b - 4*s = -b - 156. Let t = 3 - b. Suppose 6*o + 25 = o, -t